9 = -5*o - 565, -o - 1471 = -3*c. Is c a composite number?
False
Let d(n) = 22*n + 1. Let i be d(-1). Let g = 14 - i. Is g a prime number?
False
Let j be 29 - (-2)/(-6)*3. Let x = 5 + j. Is x a prime number?
False
Let s be ((-1)/3)/((-1)/543). Let f = s + -114. Is f a composite number?
False
Let v = 52 - 32. Suppose 17 = 3*z + 5*y - 52, -4*z + 5*y + 127 = 0. Suppose -3*d + 2*k + v = 0, -z = -0*d - 2*d + 5*k. Is d prime?
False
Let m be 56/10 + (-2)/(-5). Suppose m = 3*g - 0. Suppose -5*u + 6*c + 370 = c, 3*u = -g*c + 197. Is u prime?
False
Suppose -294 = 6*p - 2520. Is p composite?
True
Let x = -166 - -253. Is x a composite number?
True
Is 664 + (-9 - 0)/(-3) composite?
True
Let q = 74 - 5. Suppose 5*o + 70 = 3*g - q, 0 = 3*g + o - 163. Suppose b + 0*b - g = 0. Is b composite?
False
Is -3*223*12/(-36) a composite number?
False
Let k = -7 + 5. Let d be ((-4)/(-8))/(k/16). Is 21 - (1 + (-3 - d)) a composite number?
False
Let r = 1147 - 564. Let a = -248 + r. Is a a composite number?
True
Let s = 333 - 236. Is s prime?
True
Let o(n) = -2*n**3 - 7*n**2 + 5*n + 7. Is o(-6) composite?
False
Let g be 12*4*(-3)/(-4). Suppose -8*o - 9 = 2*i - 3*o, 0 = -4*i + 5*o - 3. Is g + i + 2 + -1 a prime number?
False
Suppose -4*k + 5 = -15. Suppose -x = -3*h + 50 + 12, 3*h - k*x = 58. Is h a composite number?
True
Let a = 70 - 44. Suppose -10 = u - a. Suppose 5*y + 4*q - 25 = u, -32 = -4*y - 4*q. Is y composite?
True
Let z be ((-3)/(-9))/((-1)/(-9)). Let p(g) = -26*g + 1. Let b be p(-8). Suppose 2*u - u - 71 = -t, -z*t - 2*u = -b. Is t prime?
True
Let h(o) = -1. Let n(s) be the third derivative of s**6/120 + 2*s**5/15 + 5*s**4/24 + 2*s**3/3 + 3*s**2. Let w(x) = 5*h(x) + n(x). Is w(-7) prime?
True
Suppose -3*n + 287 + 46 = 0. Is n prime?
False
Suppose -2*n + t + 291 = 6*t, 2*n + t - 271 = 0. Is n a prime number?
False
Suppose -4*c - 1 = 11. Let x = c - -17. Is x prime?
False
Let w be 10/5 - -2 - 0. Suppose 0*a + 12 = 3*a. Suppose a*i - 80 = -w. Is i a prime number?
True
Is ((-8394)/(-24))/((-1)/(-12)*3) a prime number?
True
Suppose -5*u = 4*g - 16, 3*g = 5*u - g - 24. Suppose -298 = u*d - 926. Is d a prime number?
True
Let x be (-1 - 0)*3 - 2. Let v be (6/x)/((-1)/(-45)). Let s = v + 91. Is s a composite number?
False
Suppose 2*a - 536 = 4*f, 0*a - a + 286 = 4*f. Is a a composite number?
True
Let u(g) = 2*g - 8. Suppose -22 = -2*m + 5*s, -3*m = -3*s + 11 - 35. Let l be u(m). Suppose -l*t + 134 = -114. Is t a composite number?
True
Let p(m) be the second derivative of -7/6*m**3 - 3*m - 5*m**2 + 0. Is p(-7) a composite number?
True
Let g = -96 - -207. Is g a composite number?
True
Let r(w) = 100*w**2 + w + 4. Is r(3) a prime number?
True
Is 2/6 - (-2272)/6 composite?
False
Let v(g) = -3*g**2 + 4*g + 2. Let o be v(-4). Let w(d) = d**3 - 10*d**2 + 13*d - 11. Let l be w(10). Let f = o + l. Is f a composite number?
True
Let w(y) = -y + 8. Let j be w(6). Suppose -23 = j*z - 75. Is z prime?
False
Suppose 12*a + 10084 = 16*a. Is a a composite number?
False
Is ((-6)/15 - 1877/(-5)) + -2 composite?
False
Let y(z) be the first derivative of -z**4/4 - 4*z**3/3 + 5*z**2/2 + 3*z + 1. Let f be y(-5). Suppose f*r - r = 30. Is r composite?
True
Let w(j) = -j**3 - 4*j**2 - 3*j + 2. Let g be w(-3). Suppose 0 = -o + g*a + 99, 3*a = -o + a + 83. Is o prime?
False
Suppose c = -4*u - 22, 2*c = -5*u - c - 31. Let l = u - -7. Is -3*l/(-6) + 76 a prime number?
False
Let s = 8 - 3. Suppose -p - s*v = -224, -2*v + 432 = 5*p - 3*p. Suppose 5*t - p - 61 = 0. Is t prime?
False
Let u = -1 - -4. Suppose 2*y + u*y - 460 = 0. Suppose -c - y = -3*c. Is c composite?
True
Let u = 43 + 10. Is u a prime number?
True
Is (-4 - -1*38) + 0 a composite number?
True
Suppose -2*p + 4*f = 114, 5*p + 5*f = -305 + 5. Let l = p - -112. Is l composite?
False
Let c(d) = d**2 + 187. Is c(0) composite?
True
Let m(g) be the second derivative of 2*g + 0 + 2*g**2 + 1/6*g**3. Is m(0) a composite number?
True
Let q(k) = -k**3 + 7*k**2 + k - 4. Let t be q(7). Suppose t*n + 2*l = -46 + 365, -3*l = -n + 121. Is n composite?
False
Let c(i) = -21*i - 8. Is c(-5) prime?
True
Let y(v) = 54*v**3 - v**2 + 2*v + 1. Let i be y(2). Let k = i + -136. Is 2/(-8) - k/(-4) prime?
False
Suppose 0 = -r + 2*g + 1249, -3*r + 4312 = -g + 565. Is r composite?
False
Let f(n) = -13*n**3 + 13*n**2 + 9*n - 116. Let c(v) = 7*v**3 - 7*v**2 - 5*v + 58. Let w(s) = -11*c(s) - 6*f(s). Suppose 0 = 5*h - 8*h. Is w(h) composite?
True
Suppose 2*x = -2*j - 0 + 578, 847 = 3*j - 2*x. Let s be -12*(j/6)/5. Let m = s + 161. Is m a prime number?
True
Let y(s) = s**3 - 2*s**2 + 3*s + 797. Is y(0) a prime number?
True
Let m be (-3)/(-4)*-66*2. Let q = m - -40. Let b = q - -150. Is b a composite number?
True
Let j = 286 + -170. Suppose -3*r = 3, -4*r - 186 = -2*c + j. Is c a prime number?
True
Suppose -4*w + 296 = 4*r, -5*r = w - 6*w - 340. Suppose r = i - 51. Is i a composite number?
True
Let k(c) = 24*c**2 - 13. Is k(-6) composite?
True
Suppose -4*a + 0*p = -2*p - 1286, -634 = -2*a + 4*p. Is a composite?
True
Let x be (-2)/(-6) + (-32)/(-12). Suppose x*q = 2*q + 4. Suppose -33 - 155 = -q*f. Is f prime?
True
Suppose -5*i + 0*b - 3*b + 30 = 0, -2*b = -4*i + 2. Suppose 2*o = -4*a + o + 12, -i*a + o + 2 = 0. Is a a composite number?
False
Suppose 3*x - 1 = 5. Suppose x*q + 359 = q. Is 10/(-15) - q/3 composite?
True
Let g = -605 - -1404. Is g prime?
False
Let h(f) = -f**2 - 12*f - 5. Let d be 7 + -6 + -1 + -9. Let o be h(d). Suppose -4*y + 68 = 2*c + o, -3*c = -5*y - 113. Is c composite?
False
Let y be 4/(-6)*9708/8. Let r = y + 1362. Is r composite?
True
Let g(b) = -b**2 + 10*b - 5. Let z be g(9). Suppose -z*j + 43 = -1. Is j a prime number?
True
Let a(s) = 13*s**2 + 9*s - 1. Is a(3) prime?
False
Suppose -4*s - 9 = -7*s. Suppose 629 = 4*c - 5*h, -s*h + 4*h + 158 = c. Is c prime?
False
Let x = -117 + 70. Let c = x + 126. Is c prime?
True
Suppose 205 = 2*t - 5*o, -t + o + 193 = t. Suppose 2*z - 2*l - 5 + 59 = 0, -5*z = 3*l + t. Let i = z + 57. Is i a composite number?
True
Let r = 267 + -64. Is r prime?
False
Is (-1)/(-7) + (-5192)/(-14) prime?
False
Let x(q) = q**2 + 33. Let a be x(0). Suppose 5*r - 8 + a = 0, -1135 = -5*j + 3*r. Suppose j + 51 = 5*l. Is l prime?
False
Let m be -27*2*(-2)/12. Suppose 0 = 4*t - 2*v - 6, -5*t - v = -3*v - m. Suppose -34 + t = -q. Is q composite?
False
Is (-53391)/(-91) + (-2)/(-7) a prime number?
True
Let d(u) = 2*u - 2. Let o be d(3). Suppose 0 = 3*z, 2*z = -k - o*k + 210. Suppose k + 82 = 4*y. Is y composite?
False
Let s(m) = -m**2 - m + 1. Let r be s(-3). Is r - (-6)/2 - -21 prime?
True
Let g = -2 + 4. Let l be (-1)/g - (-7)/2. Suppose -k = l*k - 60. Is k a prime number?
False
Suppose 4*n + 14 = -k - 5, 2*n + 14 = 4*k. Is (-4 + 3)*-21 + k prime?
False
Let k = 4 - -119. Is k a prime number?
False
Suppose 0 = a + 4*q + 9, -6*a - 4*q = -2*a. Suppose 0 = -c + a*s - 0 + 88, 3*s - 3 = 0. Is c a prime number?
False
Let a(v) = v**2 + 7*v - 3. Let w be a(-7). Is 1/w - (-1162)/21 a prime number?
False
Let y be (0 + 1)/((-4)/(-60)). Is ((-484)/(-6))/(10/y) composite?
True
Suppose -2*l - 142 = -4*m, 5*m = 3*l + l + 173. Let s = -39 + 61. Let y = m - s. Is y prime?
False
Let u(s) = -9*s**3 - 7*s**2 - 4*s - 1. Suppose 4*q + a = -14, 2*a = -0*q - 3*q - 13. Is u(q) a composite number?
False
Is 710 + (-5)/(4 - -1) composite?
False
Let j(q) = q + 35. Let s = 8 + -4. Suppose 0 = 5*g + 20, 4*n - 3*n + g + s = 0. Is j(n) prime?
False
Suppose 0 = -7*l - 625 + 2774. Is l a prime number?
True
Let f = 51 - 70. Suppose -4*l - 103 = 4*w + w, 113 = -5*l - w. Is l/4*(f - 3) prime?
False
Suppose -p + 3*v = p - 549, -3*p + 816 = -3*v. Is p a prime number?
False
Let s = -8 - -105. Is s a composite number?
False
Let p = 513 - 334. Let g be ((-27)/(-12))/(3/(-152)). Let c = p + g. Is c prime?
False
Let m(t) be the third derivative of t**8/20160 - t**7/2520 - t**6/60 + t**5/30 - t**2. Let r(j) be the third derivative of m(j). Is r(9) prime?
False
Let u(k) = k**2 + 10*k + 6. Let f be u(-5). Let o = f + 56. Is o a prime number?
True
Let r be -68*(-2)/(-4)*1. Let p be (-560)/(-30)*-3*1. Let u = r - p. Is u composite?
True
Let z = -8 + 4. Let o be (z/6)/(4/6). Let h(x) = -50*x + 1. Is h(o) prime?
False
Let u be 6/21 - 244/(-28). Let p(d) = d**2 - 9*d + 3. Let k be p(u). I